{"id":247,"date":"2025-03-12T10:24:15","date_gmt":"2025-03-12T10:24:15","guid":{"rendered":"https:\/\/rosenqvist.ax\/?page_id=247"},"modified":"2026-01-17T16:34:33","modified_gmt":"2026-01-17T16:34:33","slug":"knatteridning","status":"publish","type":"page","link":"https:\/\/rosenqvist.ax\/?page_id=247","title":{"rendered":"Knatteridning"},"content":{"rendered":"\n<div class=\"wp-block-group alignfull has-accent-4-background-color has-background is-vertical is-content-justification-center is-nowrap is-layout-flex wp-container-core-group-is-layout-2215816d wp-block-group-is-layout-flex\" style=\"min-height:100vh;margin-top:0;margin-bottom:0;padding-top:var(--wp--preset--spacing--50);padding-right:var(--wp--preset--spacing--50);padding-bottom:var(--wp--preset--spacing--50);padding-left:var(--wp--preset--spacing--50)\">\n<div class=\"wp-block-columns alignwide are-vertically-aligned-center is-layout-flex wp-container-core-columns-is-layout-47c06fe3 wp-block-columns-is-layout-flex\">\n<div class=\"wp-block-column is-vertically-aligned-center is-layout-flow wp-block-column-is-layout-flow\" style=\"flex-basis:40%\">\n<div class=\"wp-block-group is-layout-flow wp-container-core-group-is-layout-8f7ed23f wp-block-group-is-layout-flow\" style=\"min-height:100%;margin-top:0;margin-bottom:0;padding-right:0;padding-left:0\">\n<h1 class=\"wp-block-heading has-text-align-right\" style=\"margin-right:0;margin-left:calc( var(--wp--preset--spacing--20) * -1);font-size:clamp(5.174rem, 5.174rem + ((1vw - 0.2rem) * 11.377), 12rem);line-height:1;writing-mode:vertical-rl\">Knatte<\/h1>\n\n\n\n<div class=\"wp-block-group has-global-padding is-content-justification-left is-layout-constrained wp-container-core-group-is-layout-0207514c wp-block-group-is-layout-constrained\" style=\"padding-right:0;padding-left:0\">\n<p class=\"wp-container-content-0733e5d0\">V\u00e5r <strong>KNATTE<\/strong> nyb\u00f6rjar ridning passar fr\u00e5n ca 3 \u00e5r, d\u00e5 rider barnen p\u00e5 v\u00e5ra sn\u00e4lla och v\u00e4luppfostrade shetlandsponnyer. Vi borstar och l\u00e4r oss h\u00e4stvana samt rider ca 45 min. H\u00e4r kan \u00e4ven f\u00f6r\u00e4ldrar rida med samtidigt som sitt barn.<\/p>\n\n\n\n<p class=\"wp-container-content-0733e5d0\">Pris 30 e \/ g\u00e5ng \/ elev.<\/p>\n\n\n\n<p class=\"wp-container-content-0733e5d0\"><\/p>\n<\/div>\n<\/div>\n<\/div>\n\n\n\n<div class=\"wp-block-column is-vertically-aligned-top is-layout-flow wp-block-column-is-layout-flow\" style=\"flex-basis:60%\">\n<figure class=\"wp-block-image size-large is-style-rounded is-style-rounded--1\"><img loading=\"lazy\" decoding=\"async\" width=\"1024\" height=\"897\" src=\"https:\/\/rosenqvist.ax\/wp-content\/uploads\/2025\/03\/Aina-5-ar-Lely-1024x897.jpg\" alt=\"\" class=\"wp-image-250\" style=\"aspect-ratio:3\/4;object-fit:cover\" srcset=\"https:\/\/rosenqvist.ax\/wp-content\/uploads\/2025\/03\/Aina-5-ar-Lely-1024x897.jpg 1024w, https:\/\/rosenqvist.ax\/wp-content\/uploads\/2025\/03\/Aina-5-ar-Lely-300x263.jpg 300w, https:\/\/rosenqvist.ax\/wp-content\/uploads\/2025\/03\/Aina-5-ar-Lely-768x673.jpg 768w, https:\/\/rosenqvist.ax\/wp-content\/uploads\/2025\/03\/Aina-5-ar-Lely.jpg 1142w\" sizes=\"auto, (max-width: 1024px) 100vw, 1024px\" \/><\/figure>\n<\/div>\n<\/div>\n<\/div>\n\n\n\n<div class=\"wp-block-group alignfull has-global-padding is-layout-constrained wp-container-core-group-is-layout-b25ccd55 wp-block-group-is-layout-constrained\" style=\"margin-top:0;margin-bottom:0;padding-top:var(--wp--preset--spacing--50);padding-right:var(--wp--preset--spacing--50);padding-bottom:var(--wp--preset--spacing--50);padding-left:var(--wp--preset--spacing--50)\">\n<div class=\"wp-block-columns alignwide is-layout-flex wp-container-core-columns-is-layout-ff4b9c61 wp-block-columns-is-layout-flex\" style=\"margin-top:0;margin-bottom:0\">\n<div class=\"wp-block-column is-layout-flow wp-container-core-column-is-layout-8a368f38 wp-block-column-is-layout-flow\">\n<figure class=\"wp-block-image size-large is-style-rounded is-style-rounded--2\"><img loading=\"lazy\" decoding=\"async\" width=\"1024\" height=\"768\" src=\"https:\/\/rosenqvist.ax\/wp-content\/uploads\/2025\/03\/Knatteriding-1024x768.jpg\" alt=\"\" class=\"wp-image-245\" style=\"aspect-ratio:4\/3;object-fit:cover\" srcset=\"https:\/\/rosenqvist.ax\/wp-content\/uploads\/2025\/03\/Knatteriding-1024x768.jpg 1024w, https:\/\/rosenqvist.ax\/wp-content\/uploads\/2025\/03\/Knatteriding-300x225.jpg 300w, https:\/\/rosenqvist.ax\/wp-content\/uploads\/2025\/03\/Knatteriding-768x576.jpg 768w, https:\/\/rosenqvist.ax\/wp-content\/uploads\/2025\/03\/Knatteriding-1536x1152.jpg 1536w, https:\/\/rosenqvist.ax\/wp-content\/uploads\/2025\/03\/Knatteriding-2048x1536.jpg 2048w\" sizes=\"auto, (max-width: 1024px) 100vw, 1024px\" \/><\/figure>\n\n\n\n<div style=\"height:var(--wp--preset--spacing--50)\" aria-hidden=\"true\" class=\"wp-block-spacer\"><\/div>\n\n\n\n<figure class=\"wp-block-image size-large is-style-rounded is-style-rounded--3\"><img loading=\"lazy\" decoding=\"async\" width=\"1024\" height=\"685\" src=\"https:\/\/rosenqvist.ax\/wp-content\/uploads\/2025\/03\/Aina-o-Corre-8-1024x685.jpg\" alt=\"\" class=\"wp-image-243\" style=\"aspect-ratio:3\/4;object-fit:cover\" srcset=\"https:\/\/rosenqvist.ax\/wp-content\/uploads\/2025\/03\/Aina-o-Corre-8-1024x685.jpg 1024w, https:\/\/rosenqvist.ax\/wp-content\/uploads\/2025\/03\/Aina-o-Corre-8-300x201.jpg 300w, https:\/\/rosenqvist.ax\/wp-content\/uploads\/2025\/03\/Aina-o-Corre-8-768x514.jpg 768w, https:\/\/rosenqvist.ax\/wp-content\/uploads\/2025\/03\/Aina-o-Corre-8-1536x1028.jpg 1536w, https:\/\/rosenqvist.ax\/wp-content\/uploads\/2025\/03\/Aina-o-Corre-8-2048x1371.jpg 2048w\" sizes=\"auto, (max-width: 1024px) 100vw, 1024px\" \/><\/figure>\n<\/div>\n\n\n\n<div class=\"wp-block-column is-layout-flow wp-container-core-column-is-layout-8a368f38 wp-block-column-is-layout-flow\">\n<div style=\"height:var(--wp--preset--spacing--50)\" aria-hidden=\"true\" class=\"wp-block-spacer\"><\/div>\n\n\n\n<figure class=\"wp-block-image size-large is-style-rounded is-style-rounded--4\"><img loading=\"lazy\" decoding=\"async\" width=\"1024\" height=\"685\" src=\"https:\/\/rosenqvist.ax\/wp-content\/uploads\/2025\/03\/Framridning-7-1024x685.jpg\" alt=\"\" class=\"wp-image-244\" style=\"aspect-ratio:3\/4;object-fit:cover\" srcset=\"https:\/\/rosenqvist.ax\/wp-content\/uploads\/2025\/03\/Framridning-7-1024x685.jpg 1024w, https:\/\/rosenqvist.ax\/wp-content\/uploads\/2025\/03\/Framridning-7-300x201.jpg 300w, https:\/\/rosenqvist.ax\/wp-content\/uploads\/2025\/03\/Framridning-7-768x514.jpg 768w, https:\/\/rosenqvist.ax\/wp-content\/uploads\/2025\/03\/Framridning-7-1536x1028.jpg 1536w, https:\/\/rosenqvist.ax\/wp-content\/uploads\/2025\/03\/Framridning-7-2048x1371.jpg 2048w\" sizes=\"auto, (max-width: 1024px) 100vw, 1024px\" \/><\/figure>\n\n\n\n<div style=\"height:var(--wp--preset--spacing--50)\" aria-hidden=\"true\" class=\"wp-block-spacer\"><\/div>\n\n\n\n<figure class=\"wp-block-image size-large is-style-rounded is-style-rounded--5\"><img loading=\"lazy\" decoding=\"async\" width=\"1024\" height=\"768\" src=\"https:\/\/rosenqvist.ax\/wp-content\/uploads\/2025\/03\/LE-barn-1024x768.jpg\" alt=\"\" class=\"wp-image-246\" style=\"aspect-ratio:1;object-fit:cover\" srcset=\"https:\/\/rosenqvist.ax\/wp-content\/uploads\/2025\/03\/LE-barn-1024x768.jpg 1024w, https:\/\/rosenqvist.ax\/wp-content\/uploads\/2025\/03\/LE-barn-300x225.jpg 300w, https:\/\/rosenqvist.ax\/wp-content\/uploads\/2025\/03\/LE-barn-768x576.jpg 768w, https:\/\/rosenqvist.ax\/wp-content\/uploads\/2025\/03\/LE-barn-1536x1152.jpg 1536w, https:\/\/rosenqvist.ax\/wp-content\/uploads\/2025\/03\/LE-barn-2048x1536.jpg 2048w\" sizes=\"auto, (max-width: 1024px) 100vw, 1024px\" \/><\/figure>\n<\/div>\n<\/div>\n<\/div>\n","protected":false},"excerpt":{"rendered":"<p>Knatte V\u00e5r KNATTE nyb\u00f6rjar ridning passar fr\u00e5n ca 3 \u00e5r, d\u00e5 rider barnen p\u00e5 v\u00e5ra sn\u00e4lla och v\u00e4luppfostrade shetlandsponnyer. Vi borstar och l\u00e4r oss h\u00e4stvana samt rider ca 45 min. H\u00e4r kan \u00e4ven f\u00f6r\u00e4ldrar rida med samtidigt som sitt barn. Pris 30 e \/ g\u00e5ng \/ elev.<\/p>\n","protected":false},"author":1,"featured_media":0,"parent":0,"menu_order":0,"comment_status":"closed","ping_status":"closed","template":"","meta":{"footnotes":""},"class_list":["post-247","page","type-page","status-publish","hentry"],"_links":{"self":[{"href":"https:\/\/rosenqvist.ax\/index.php?rest_route=\/wp\/v2\/pages\/247","targetHints":{"allow":["GET"]}}],"collection":[{"href":"https:\/\/rosenqvist.ax\/index.php?rest_route=\/wp\/v2\/pages"}],"about":[{"href":"https:\/\/rosenqvist.ax\/index.php?rest_route=\/wp\/v2\/types\/page"}],"author":[{"embeddable":true,"href":"https:\/\/rosenqvist.ax\/index.php?rest_route=\/wp\/v2\/users\/1"}],"replies":[{"embeddable":true,"href":"https:\/\/rosenqvist.ax\/index.php?rest_route=%2Fwp%2Fv2%2Fcomments&post=247"}],"version-history":[{"count":8,"href":"https:\/\/rosenqvist.ax\/index.php?rest_route=\/wp\/v2\/pages\/247\/revisions"}],"predecessor-version":[{"id":276,"href":"https:\/\/rosenqvist.ax\/index.php?rest_route=\/wp\/v2\/pages\/247\/revisions\/276"}],"wp:attachment":[{"href":"https:\/\/rosenqvist.ax\/index.php?rest_route=%2Fwp%2Fv2%2Fmedia&parent=247"}],"curies":[{"name":"wp","href":"https:\/\/api.w.org\/{rel}","templated":true}]}}