{"id":189,"date":"2025-03-11T13:10:42","date_gmt":"2025-03-11T13:10:42","guid":{"rendered":"https:\/\/rosenqvist.ax\/?page_id=189"},"modified":"2026-01-17T16:31:39","modified_gmt":"2026-01-17T16:31:39","slug":"priser","status":"publish","type":"page","link":"https:\/\/rosenqvist.ax\/?page_id=189","title":{"rendered":"Priser:"},"content":{"rendered":"\n<div class=\"wp-block-group alignfull has-accent-background-color has-background has-global-padding is-layout-constrained wp-container-core-group-is-layout-669513ed wp-block-group-is-layout-constrained\" style=\"margin-top:0;margin-bottom:0;padding-top:var(--wp--preset--spacing--50);padding-right:var(--wp--preset--spacing--50);padding-bottom:var(--wp--preset--spacing--50);padding-left:var(--wp--preset--spacing--50)\">\n<div class=\"wp-block-columns alignwide is-layout-flex wp-container-core-columns-is-layout-1da03c2a wp-block-columns-is-layout-flex\">\n<div class=\"wp-block-column is-vertically-aligned-stretch is-layout-flow wp-block-column-is-layout-flow\" style=\"flex-basis:50%\">\n<h2 class=\"wp-block-heading\"><em>Priser 202<\/em>6<\/h2>\n\n\n\n<p><strong>Lektioner:<\/strong><\/p>\n\n\n\n<div class=\"wp-block-group is-vertical is-content-justification-stretch is-layout-flex wp-container-core-group-is-layout-444d5ee8 wp-block-group-is-layout-flex\" style=\"min-height:100%\">\n<p>45 min 30 \u20ac \/ 300 SEK<\/p>\n\n\n\n<p><strong>Skogsturer: <\/strong><\/p>\n\n\n\n<p>45 min    30 \u20ac \/ 300 SEK<\/p>\n\n\n\n<p>90 min    60 \u20ac \/ 600 SEK<\/p>\n\n\n\n<p>3 H   120 \u20ac \/ 1200 SEK<\/p>\n\n\n\n<p>Privatlektioner enl \u00f6verenskommelse.<\/p>\n\n\n\n<p class=\"has-text-align-left\">Ridst\u00f6vlar, ridhj\u00e4lmar samt s\u00e4kerhetsv\u00e4star finns att l\u00e5na.<\/p>\n\n\n\n<p class=\"has-text-align-left\">Ridbyxor att hyra 5 e \/ person<\/p>\n\n\n\n<p><strong>Betalning: <\/strong><\/p>\n\n\n\n<p>Kontant p\u00e5 plats eller f\u00f6rhandsbetalning till finskt bankkonto samt Swish.         Stallet tar ej emot bank\/kreditkort. N\u00e4rmaste uttagsautomat finns i Mariehamn.<\/p>\n\n\n\n<p><strong>Tids\u00e5tg\u00e5ng:<\/strong><\/p>\n\n\n\n<p>Vi b\u00f6rjar rida den tid du har bokat s\u00e5 kom 15-20 min f\u00f6re till stallet, ibland \u00e4r er h\u00e4st klar n\u00e4r ni kommer eller s\u00e5 f\u00e5r ni vara med och g\u00f6ra iordning h\u00e4sten.<\/p>\n\n\n\n<p><strong>ALL RIDNING SKER P\u00c5 EGEN RISK!<\/strong><\/p>\n\n\n\n<p><strong>F\u00f6rs\u00e4kringsinformation<br><\/strong>Alla ryttare som rider hos oss b\u00f6r ha en egen g\u00e4llande olycksfallsf\u00f6rs\u00e4kring. Vi rekommenderar att Du kontrollerar villkoren i Din f\u00f6rs\u00e4kring. Vissa f\u00f6rs\u00e4kringar g\u00e4ller under all idrott medan andra har begr\u00e4nsningar t.ex. ers\u00e4tter inte kostnader f\u00f6r behandling av en skada om olycksfallet har intr\u00e4ffat under t\u00e4vlingsidrott eller tr\u00e4ning f\u00f6r s\u00e5dan.<\/p>\n<\/div>\n<\/div>\n\n\n\n<div class=\"wp-block-column is-vertically-aligned-center is-layout-flow wp-block-column-is-layout-flow\" style=\"flex-basis:50%\">\n<figure class=\"wp-block-image size-large is-style-rounded is-style-rounded--1\"><img loading=\"lazy\" decoding=\"async\" width=\"768\" height=\"1024\" src=\"https:\/\/rosenqvist.ax\/wp-content\/uploads\/2025\/03\/20181117_103648-768x1024.jpg\" alt=\"\" class=\"wp-image-116\" style=\"aspect-ratio:3\/4;object-fit:cover\" srcset=\"https:\/\/rosenqvist.ax\/wp-content\/uploads\/2025\/03\/20181117_103648-768x1024.jpg 768w, https:\/\/rosenqvist.ax\/wp-content\/uploads\/2025\/03\/20181117_103648-225x300.jpg 225w, https:\/\/rosenqvist.ax\/wp-content\/uploads\/2025\/03\/20181117_103648-1152x1536.jpg 1152w, https:\/\/rosenqvist.ax\/wp-content\/uploads\/2025\/03\/20181117_103648-1536x2048.jpg 1536w, https:\/\/rosenqvist.ax\/wp-content\/uploads\/2025\/03\/20181117_103648-scaled.jpg 1920w\" sizes=\"auto, (max-width: 768px) 100vw, 768px\" \/><\/figure>\n<\/div>\n<\/div>\n<\/div>\n\n\n\n<div class=\"wp-block-group alignfull has-global-padding is-layout-constrained wp-container-core-group-is-layout-669513ed wp-block-group-is-layout-constrained\" style=\"margin-top:0;margin-bottom:0;padding-top:var(--wp--preset--spacing--50);padding-right:var(--wp--preset--spacing--50);padding-bottom:var(--wp--preset--spacing--50);padding-left:var(--wp--preset--spacing--50)\">\n<div style=\"height:var(--wp--preset--spacing--30)\" aria-hidden=\"true\" class=\"wp-block-spacer\"><\/div>\n\n\n\n<div class=\"wp-block-columns alignwide is-layout-flex wp-container-core-columns-is-layout-4935966c wp-block-columns-is-layout-flex\" style=\"padding-right:0;padding-left:0\">\n<div class=\"wp-block-column is-layout-flow wp-block-column-is-layout-flow\">\n<figure class=\"wp-block-image size-full is-style-rounded is-style-rounded--2\"><img loading=\"lazy\" decoding=\"async\" width=\"1920\" height=\"2560\" src=\"https:\/\/rosenqvist.ax\/wp-content\/uploads\/2025\/03\/20190622_192834-scaled.jpg\" alt=\"\" class=\"wp-image-134\" style=\"aspect-ratio:1;object-fit:cover\" srcset=\"https:\/\/rosenqvist.ax\/wp-content\/uploads\/2025\/03\/20190622_192834-scaled.jpg 1920w, https:\/\/rosenqvist.ax\/wp-content\/uploads\/2025\/03\/20190622_192834-225x300.jpg 225w, https:\/\/rosenqvist.ax\/wp-content\/uploads\/2025\/03\/20190622_192834-768x1024.jpg 768w, https:\/\/rosenqvist.ax\/wp-content\/uploads\/2025\/03\/20190622_192834-1152x1536.jpg 1152w, https:\/\/rosenqvist.ax\/wp-content\/uploads\/2025\/03\/20190622_192834-1536x2048.jpg 1536w\" sizes=\"auto, (max-width: 1920px) 100vw, 1920px\" \/><\/figure>\n<\/div>\n\n\n\n<div class=\"wp-block-column is-layout-flow wp-block-column-is-layout-flow\">\n<figure class=\"wp-block-image size-full is-style-rounded is-style-rounded--3\"><img loading=\"lazy\" decoding=\"async\" width=\"2067\" height=\"1438\" src=\"https:\/\/rosenqvist.ax\/wp-content\/uploads\/2025\/03\/20240525_075749.jpg\" alt=\"\" class=\"wp-image-96\" style=\"aspect-ratio:1;object-fit:cover\" srcset=\"https:\/\/rosenqvist.ax\/wp-content\/uploads\/2025\/03\/20240525_075749.jpg 2067w, https:\/\/rosenqvist.ax\/wp-content\/uploads\/2025\/03\/20240525_075749-300x209.jpg 300w, https:\/\/rosenqvist.ax\/wp-content\/uploads\/2025\/03\/20240525_075749-1024x712.jpg 1024w, https:\/\/rosenqvist.ax\/wp-content\/uploads\/2025\/03\/20240525_075749-768x534.jpg 768w, https:\/\/rosenqvist.ax\/wp-content\/uploads\/2025\/03\/20240525_075749-1536x1069.jpg 1536w, https:\/\/rosenqvist.ax\/wp-content\/uploads\/2025\/03\/20240525_075749-2048x1425.jpg 2048w\" sizes=\"auto, (max-width: 2067px) 100vw, 2067px\" \/><\/figure>\n<\/div>\n\n\n\n<div class=\"wp-block-column is-layout-flow wp-block-column-is-layout-flow\">\n<figure class=\"wp-block-image size-full is-style-rounded is-style-rounded--4\"><img loading=\"lazy\" decoding=\"async\" width=\"1920\" height=\"2560\" src=\"https:\/\/rosenqvist.ax\/wp-content\/uploads\/2025\/03\/20250305_105601-scaled.jpg\" alt=\"\" class=\"wp-image-94\" style=\"aspect-ratio:1;object-fit:cover\" srcset=\"https:\/\/rosenqvist.ax\/wp-content\/uploads\/2025\/03\/20250305_105601-scaled.jpg 1920w, https:\/\/rosenqvist.ax\/wp-content\/uploads\/2025\/03\/20250305_105601-225x300.jpg 225w, https:\/\/rosenqvist.ax\/wp-content\/uploads\/2025\/03\/20250305_105601-768x1024.jpg 768w, https:\/\/rosenqvist.ax\/wp-content\/uploads\/2025\/03\/20250305_105601-1152x1536.jpg 1152w, https:\/\/rosenqvist.ax\/wp-content\/uploads\/2025\/03\/20250305_105601-1536x2048.jpg 1536w\" sizes=\"auto, (max-width: 1920px) 100vw, 1920px\" \/><\/figure>\n\n\n\n<p class=\"has-text-align-center has-small-font-size\"><br>\t\t\t\t<\/p>\n<\/div>\n\n\n\n<div class=\"wp-block-column is-layout-flow wp-block-column-is-layout-flow\">\n<figure class=\"wp-block-image size-full is-style-rounded is-style-rounded--5\"><img loading=\"lazy\" decoding=\"async\" width=\"1625\" height=\"2560\" src=\"https:\/\/rosenqvist.ax\/wp-content\/uploads\/2025\/03\/20250308_161109-scaled.jpg\" alt=\"\" class=\"wp-image-126\" style=\"aspect-ratio:1;object-fit:cover\" srcset=\"https:\/\/rosenqvist.ax\/wp-content\/uploads\/2025\/03\/20250308_161109-scaled.jpg 1625w, https:\/\/rosenqvist.ax\/wp-content\/uploads\/2025\/03\/20250308_161109-190x300.jpg 190w, https:\/\/rosenqvist.ax\/wp-content\/uploads\/2025\/03\/20250308_161109-650x1024.jpg 650w, https:\/\/rosenqvist.ax\/wp-content\/uploads\/2025\/03\/20250308_161109-768x1210.jpg 768w, https:\/\/rosenqvist.ax\/wp-content\/uploads\/2025\/03\/20250308_161109-975x1536.jpg 975w, https:\/\/rosenqvist.ax\/wp-content\/uploads\/2025\/03\/20250308_161109-1300x2048.jpg 1300w\" sizes=\"auto, (max-width: 1625px) 100vw, 1625px\" \/><\/figure>\n<\/div>\n<\/div>\n<\/div>\n","protected":false},"excerpt":{"rendered":"<p>Priser 2026 Lektioner: 45 min 30 \u20ac \/ 300 SEK Skogsturer: 45 min 30 \u20ac \/ 300 SEK 90 min 60 \u20ac \/ 600 SEK 3 H 120 \u20ac \/ 1200 SEK Privatlektioner enl \u00f6verenskommelse. Ridst\u00f6vlar, ridhj\u00e4lmar samt s\u00e4kerhetsv\u00e4star finns att l\u00e5na. Ridbyxor att hyra 5 e \/ person Betalning: Kontant p\u00e5 plats eller f\u00f6rhandsbetalning [&hellip;]<\/p>\n","protected":false},"author":1,"featured_media":0,"parent":0,"menu_order":0,"comment_status":"closed","ping_status":"closed","template":"","meta":{"footnotes":""},"class_list":["post-189","page","type-page","status-publish","hentry"],"_links":{"self":[{"href":"https:\/\/rosenqvist.ax\/index.php?rest_route=\/wp\/v2\/pages\/189","targetHints":{"allow":["GET"]}}],"collection":[{"href":"https:\/\/rosenqvist.ax\/index.php?rest_route=\/wp\/v2\/pages"}],"about":[{"href":"https:\/\/rosenqvist.ax\/index.php?rest_route=\/wp\/v2\/types\/page"}],"author":[{"embeddable":true,"href":"https:\/\/rosenqvist.ax\/index.php?rest_route=\/wp\/v2\/users\/1"}],"replies":[{"embeddable":true,"href":"https:\/\/rosenqvist.ax\/index.php?rest_route=%2Fwp%2Fv2%2Fcomments&post=189"}],"version-history":[{"count":7,"href":"https:\/\/rosenqvist.ax\/index.php?rest_route=\/wp\/v2\/pages\/189\/revisions"}],"predecessor-version":[{"id":274,"href":"https:\/\/rosenqvist.ax\/index.php?rest_route=\/wp\/v2\/pages\/189\/revisions\/274"}],"wp:attachment":[{"href":"https:\/\/rosenqvist.ax\/index.php?rest_route=%2Fwp%2Fv2%2Fmedia&parent=189"}],"curies":[{"name":"wp","href":"https:\/\/api.w.org\/{rel}","templated":true}]}}